ime factors of h(0)?
31
Suppose 0 = -4*p + 5*p - 57. Suppose a + 100 = 2*c, -2*c + c = -4*a - p. Suppose n - 3*b + c = 6*n, b - 31 = -3*n. List the prime factors of n.
11
Let t(x) = 20*x + 2. What are the prime factors of t(1)?
2, 11
Let h be 8/(-20) - (-24)/(-15). Let s = 10 + h. What are the prime factors of s?
2
Let u(g) = -54*g. List the prime factors of u(-2).
2, 3
Let b be 2/(0 - 3/6). Let q(l) = -l**3 - 5*l**2 - 2*l + 1. Let c be q(b). Let p = c - -11. List the prime factors of p.
2
Let v be -2*(1/(-1) + 0). Suppose 0 = -v*q - 0*q + 36. Let i = q + 1. What are the prime factors of i?
19
Let q(x) = -2*x - 4. Let p be q(-8). Suppose k + k = p. List the prime factors of k/(-21) - 142/(-7).
2, 5
Let a(t) = t**3 + 15*t**2 + 13*t - 14. Let r be a(-14). Suppose 5*f + 5*w - 195 = r, -f - 3*w - 2*w = -31. What are the prime factors of f?
41
Let h = 186 + -18. Suppose 0 = -4*n + 2*n - h. List the prime factors of (-6)/4*n/18.
7
Let i(v) = -v**2 + 18*v - 29. Let o be i(13). Let j = 56 - o. List the prime factors of j.
2, 5
Suppose -96 = -6*m + 2*m. Let a = 37 - m. What are the prime factors of a?
13
Let b(c) = c + 5. Let y(t) = 1. Let x(w) = -b(w) - y(w). What are the prime factors of x(-9)?
3
Let c(y) = -y + 13. Let r be c(9). Let d be (1/(-2))/(3/(-24)). Suppose 2*n = 5*t + 6, n + r = d*t + 7. List the prime factors of n.
3
Let t be ((0 - 19)*1)/1. Suppose 3*r + 3*q = q - 29, -5*r - 53 = q. Let w = r - t. List the prime factors of w.
2
Let j(z) = -2*z**2 + 4*z - 4. Let c be j(4). Let w = 34 + c. Suppose d = -5*b + w, -d + b + 13 = -1. List the prime factors of d.
2, 7
Let f = 107 + -69. List the prime factors of f.
2, 19
Suppose 5*i = -0*i - 4*y + 35, -4*y = -i + 7. Let h(s) = s - 3. What are the prime factors of h(i)?
2
Let c(u) = -18*u**3 - 2*u**2 - 2*u - 1. Let t be c(-1). Let z = t + -12. List the prime factors of (18/(-15))/((-2)/z).
3
Let s = -12 + 17. Suppose t + 53 = 3*c, 128 = s*c - t + 39. What are the prime factors of c?
2, 3
Let s(m) = -3*m**2 + m + 0*m**3 - 2*m**2 - m**3 + 4*m**2. Let f be s(1). What are the prime factors of 18/4 - f/2?
5
Let u be (-18)/12 + 3/2. Suppose 3*a - 6 + 45 = u. Let x = a - -24. What are the prime factors of x?
11
Suppose -17 + 113 = 4*g. List the prime factors of g.
2, 3
Let y(i) = -37*i**3 + i. List the prime factors of y(-1).
2, 3
Let m(v) = -v - 1. Let w be m(-6). Suppose u + 5*l = -2*u + 4, 0 = w*u + l - 36. What are the prime factors of u?
2
Let r(u) = u**3 + 6*u**2 + 4*u + 2. Suppose 0 = n - 3*x + 10, 4*x - 5 - 3 = 0. List the prime factors of r(n).
2, 3
Let j = 234 - 82. Suppose -j = -2*l - 12. List the prime factors of (l/21)/(1/3).
2, 5
Let n = -4 + 8. What are the prime factors of (-1 + 25)/(6/n)?
2
Let m(p) = p**2 + 16*p + 13. Let t be m(-15). List the prime factors of 1/(-1) + t + 48.
3, 5
Suppose -4*r = 3*h - 124, -h = -r + 6*r - 45. List the prime factors of h.
2, 5
Let k(n) = 24*n - 55. List the prime factors of k(8).
137
Suppose 0*m - 684 = -4*m + 5*q, -m = 2*q - 184. List the prime factors of m.
2, 11
Let d be 12*1*(-20)/(-15). Suppose -2*i - d = -2*c + 8, -i - 26 = -3*c. What are the prime factors of c?
7
Let w = -7 + 11. Suppose -2*m + w - 2 = 0. List the prime factors of 2 + m*(10 + -1).
11
Let v be 0*(6/4 + -1). Suppose -20 = -2*a - 4*j, v*a - 4*a + 4*j + 52 = 0. What are the prime factors of a?
2, 3
Let z(v) be the second derivative of v**6/120 + v**5/12 + v**4/24 - v**2/2 - v. Let m(f) be the first derivative of z(f). What are the prime factors of m(-3)?
3, 5
Suppose 3*u = 4*l - 146, -l + 22 = 2*u - 9. Let a be 740/(-44) - (-6)/(-33). Let j = l + a. List the prime factors of j.
2, 3
What are the prime factors of (-2 + 87 - 0 - -1) + 0?
2, 43
Suppose 2*i = -3*i + 150. List the prime factors of i.
2, 3, 5
Suppose 47 = 4*r + 5*a, 2*r + r - 29 = -5*a. What are the prime factors of r?
2, 3
Suppose f = -3*a + 12, 0 = -f - 4*a + 4 + 12. Let b be 0/(f + 6/(-3)). Suppose s + 1 = h - b, 2*s - 3*h + 5 = 0. What are the prime factors of s?
2
Let r(o) = -o - 5. Let c be r(0). What are the prime factors of ((-2)/c)/(-1)*-20?
2
Let j = -6 + 6. Suppose -5*q + q + 12 = j. What are the prime factors of q?
3
Let w(z) = -5*z**2 + 2*z + 1. Let m be w(-3). Let v = -17 - m. Suppose 0 = -2*i + 2*k + 24, -4*i - 4*k + 3*k = -v. List the prime factors of i.
3
List the prime factors of 34 + 0 + (-1)/1.
3, 11
List the prime factors of ((-147)/28)/((-3)/16).
2, 7
Suppose -5*b + 44 = -26. What are the prime factors of -1 - -3 - (4 - b)?
2, 3
Let n(p) = 3*p. Suppose 5 = a - 1. What are the prime factors of n(a)?
2, 3
Let i(t) = -t**2 - 10*t - 7. What are the prime factors of i(-7)?
2, 7
Let y = -1 - -6. Suppose -64 = -y*l + l. What are the prime factors of l?
2
Let c(z) = 1. Let q(d) = d**3 - 4*d**2 + 3*d. Let m(n) = 3*c(n) + q(n). What are the prime factors of m(3)?
3
Let o be 2*(0 + (-489)/(-6)). Let a = o + -113. Suppose -3*i + 7 = 3*l - 23, -5*i + a = -5*l. List the prime factors of i.
2, 5
Let y(m) = m**2 - 12*m + 9. Let p be y(11). Let l(c) = 3*c**2 - c + 3. List the prime factors of l(p).
17
Let i(c) = 1. Let o(m) = -m. Let w(d) = -i(d) + o(d). Let b be w(-2). List the prime factors of b/(-3)*(1 + -19).
2, 3
Let z(t) = 8*t + 2. Let n be z(5). Suppose -r + 4*r - n = 0. What are the prime factors of r?
2, 7
Suppose -4*t = -0*t - 8. Let l = 16 - t. List the prime factors of l.
2, 7
Let k(q) = -q**2 + 6*q + 2. Let d be k(6). Suppose -d*l - 4*h = 56, 0 = -2*l - h + 5*h - 16. Let f = 26 + l. List the prime factors of f.
2
Let a(r) = -4*r**3 - 3*r**2 - 3*r - 3. Let z be a(-2). Suppose -z*p = -21*p - 34. What are the prime factors of p?
17
Let n(b) = 4*b**2 - 6*b**2 + 0*b**2 + 3*b**2 + 9*b + 1. List the prime factors of n(-10).
11
Let k(b) = b**2 + 5*b + 7. Let q be 4*(1 - 0/3). Suppose -4*v = q*c + 32, 0 = -c + v + 2*v. What are the prime factors of k(c)?
13
Let l(i) = i**3 + 6*i**2 - 7*i. Let t be l(-5). Suppose -3*z + 6*z - 28 = 4*h, 4*h + 4 = 0. Suppose -4*c = -z - t. What are the prime factors of c?
17
Suppose -4*n - 2*f - 12 = 0, -n + 1 - 7 = 2*f. Let q be (-1)/n*(-4)/(-1). List the prime factors of 4 + (q - 2)/(-3).
2
Suppose 2*k + 3 = 2*i - 11, 5*k - 37 = -4*i. What are the prime factors of i?
2
Let x be (-7)/(-28) + 14/8. Let n(s) = -9*s**3 + 2*s**2 - 2*s + 2. Let t be n(x). List the prime factors of 3/(-12) + t/(-8).
2
Suppose 2*p - 57 = -23. List the prime factors of p.
17
Let o(j) = 4*j - 6. Let h(c) = 11*c - 18. Let y(i) = 3*h(i) - 8*o(i). What are the prime factors of y(8)?
2
Let r be (-1)/(140/(-136) - -1). Suppose -2 = 5*v - 3*p - 49, r = 2*v - 5*p. List the prime factors of v.
7
Suppose -320 = -2*l - 5*u, -4*u + 69 + 85 = l. What are the prime factors of l?
2, 5, 17
Let d be (1 + -1)*(-2)/(-4). Let b be 2*(-2 + 4 - d). Suppose -b*s + 27 = -s. What are the prime factors of s?
3
Let h be 2*(95/(-2))/5. Let d = -12 - h. Suppose -d*n = -2*n - 30. List the prime factors of n.
2, 3
Let t(z) be the first derivative of z**3/3 - 4*z**2 + 9*z + 3. Let d be t(7). Let r = d + 0. What are the prime factors of r?
2
List the prime factors of 9/(-12) + (-3690)/(-24).
3, 17
Let h = -10 + 14. List the prime factors of h.
2
Suppose 4*d + 6 = -5*z + 28, -3*d + 32 = -4*z. Let h(p) = 2*p - 3. List the prime factors of h(d).
13
Let c = 607 + -427. What are the prime factors of c?
2, 3, 5
Suppose 3*y = y + 4, 2*y = -3*v + 775. What are the prime factors of v?
257
Suppose 2*c - k - 3*k = -4, -1 = c - k. Suppose -5*m + 2*r + 102 = c, -5*m + 6*r = 2*r - 104. What are the prime factors of m?
2, 5
Let p = 7 - 9. Let m be -4*1 - (-4)/p. Let i(u) = -2*u + 7. What are the prime factors of i(m)?
19
Let t be (-4 - -2) + -2 + 3. List the prime factors of 20/(-6)*6/t.
2, 5
Let d = -33 + 78. What are the prime factors of d?
3, 5
Let g(f) = 6*f - 3*f + 3 - f. List the prime factors of g(8).
19
Suppose 3*s = 4*i + 2*s - 31, s + 17 = 2*i. What are the prime factors of i?
7
Suppose o + 1 = 4*w + 11, -2*o + 5*w = -14. Suppose -2*g + o + 28 = 0. List the prime factors of g.
3, 5
Let h be (-10)/25 - 52/(-5). Let o be 0/(5/(h/4)). What are the prime factors of 12/3 - 2 - o?
2
Let x(m) be the first derivative of m**3 - m**2/2 + m - 3. Suppose -6 = 5*h + 4*z, 0 = -h - 2*h + 5*z - 11. What are the prime factors of x(h)?
3, 5
Suppose 5*i - 4